 when 2180 is divided by 1915.
265
What is the remainder when 67049 is divided by 15?
14
Calculate the remainder when 1292 is divided by 621.
50
What is the remainder when 62949 is divided by 134?
103
What is the remainder when 17058 is divided by 708?
66
What is the remainder when 1540 is divided by 1533?
7
What is the remainder when 2098 is divided by 652?
142
What is the remainder when 84990 is divided by 28328?
6
What is the remainder when 14051 is divided by 295?
186
What is the remainder when 38151 is divided by 537?
24
What is the remainder when 19662 is divided by 1298?
192
Calculate the remainder when 14037 is divided by 2339.
3
What is the remainder when 52597 is divided by 17517?
46
Calculate the remainder when 3743 is divided by 332.
91
What is the remainder when 4749 is divided by 45?
24
Calculate the remainder when 2197 is divided by 1003.
191
What is the remainder when 21987 is divided by 21987?
0
What is the remainder when 4043 is divided by 1633?
777
What is the remainder when 1495472 is divided by 747732?
8
Calculate the remainder when 49512 is divided by 262.
256
Calculate the remainder when 55253 is divided by 6.
5
What is the remainder when 664 is divided by 168?
160
Calculate the remainder when 8018 is divided by 25.
18
What is the remainder when 84813 is divided by 279?
276
Calculate the remainder when 774 is divided by 93.
30
Calculate the remainder when 22066 is divided by 2005.
11
What is the remainder when 130736 is divided by 10056?
8
Calculate the remainder when 3574 is divided by 3194.
380
Calculate the remainder when 19698 is divided by 294.
0
What is the remainder when 1023397 is divided by 595?
592
Calculate the remainder when 18620 is divided by 53.
17
What is the remainder when 9007 is divided by 599?
22
What is the remainder when 79694 is divided by 105?
104
What is the remainder when 1463 is divided by 40?
23
Calculate the remainder when 73722 is divided by 28.
26
What is the remainder when 949701 is divided by 56?
53
What is the remainder when 325324 is divided by 108441?
1
Calculate the remainder when 736 is divided by 90.
16
Calculate the remainder when 674 is divided by 92.
30
What is the remainder when 43979 is divided by 3662?
35
Calculate the remainder when 5044 is divided by 1025.
944
Calculate the remainder when 2670 is divided by 292.
42
What is the remainder when 17329 is divided by 8646?
37
Calculate the remainder when 23729 is divided by 234.
95
What is the remainder when 79509 is divided by 7225?
34
Calculate the remainder when 2843 is divided by 66.
5
Calculate the remainder when 2007 is divided by 75.
57
What is the remainder when 27583 is divided by 438?
427
What is the remainder when 2120 is divided by 37?
11
What is the remainder when 134734 is divided by 14970?
4
What is the remainder when 2071 is divided by 15?
1
Calculate the remainder when 24397 is divided by 488.
485
Calculate the remainder when 24704 is divided by 4548.
1964
Calculate the remainder when 68542 is divided by 22842.
16
What is the remainder when 9874 is divided by 9737?
137
Calculate the remainder when 52066 is divided by 17354.
4
What is the remainder when 4658 is divided by 43?
14
Calculate the remainder when 8501 is divided by 304.
293
What is the remainder when 279373 is divided by 16?
13
Calculate the remainder when 41675 is divided by 223.
197
What is the remainder when 141282 is divided by 6727?
15
What is the remainder when 10316 is divided by 164?
148
Calculate the remainder when 47878 is divided by 57.
55
What is the remainder when 815220 is divided by 26?
16
Calculate the remainder when 4207 is divided by 90.
67
Calculate the remainder when 50886 is divided by 65.
56
Calculate the remainder when 24556 is divided by 41.
38
What is the remainder when 113006 is divided by 26?
10
Calculate the remainder when 295494 is divided by 726.
12
Calculate the remainder when 43039 is divided by 43028.
11
Calculate the remainder when 29509 is divided by 136.
133
What is the remainder when 4625 is divided by 644?
117
Calculate the remainder when 3784224 is divided by 201.
198
What is the remainder when 8544 is divided by 839?
154
What is the remainder when 1941 is divided by 179?
151
Calculate the remainder when 696733 is divided by 117.
115
Calculate the remainder when 33510 is divided by 105.
15
Calculate the remainder when 50637 is divided by 6326.
29
What is the remainder when 10677 is divided by 27?
12
Calculate the remainder when 555326 is divided by 32.
30
What is the remainder when 170533 is divided by 14205?
73
Calculate the remainder when 105730 is divided by 997.
48
What is the remainder when 132026 is divided by 88?
26
Calculate the remainder when 9982 is divided by 122.
100
What is the remainder when 135003 is divided by 403?
401
What is the remainder when 2523 is divided by 75?
48
What is the remainder when 1361009 is divided by 680500?
9
Calculate the remainder when 4873 is divided by 211.
20
What is the remainder when 7707 is divided by 1537?
22
What is the remainder when 2172325 is divided by 57?
55
Calculate the remainder when 2018426 is divided by 52.
46
Calculate the remainder when 5606 is divided by 464.
38
What is the remainder when 4035 is divided by 992?
67
Calculate the remainder when 6457 is divided by 95.
92
Calculate the remainder when 18604 is divided by 1127.
572
What is the remainder when 1038951 is divided by 1218?
1215
What is the remainder when 2794 is divided by 14?
8
What is the remainder when 9836 is divided by 36?
8
Calculate the remainder when 29069 is divided by 95.
94
Calculate the remainder when 47866 is divided by 47815.
51
Calculate the remainder when 4119 is divided by 589.
585
What is the remainder when 94291 is divided by 63?
43
What is the remainder when 609081 is divided by 22?
11
What is the remainder when 89396 is divided by 99?
98
Calculate the remainder when 15852 is divided by 1215.
57
Calculate the remainder when 104757 is divided by 474.
3
What is the remainder when 4293 is divided by 813?
228
What is the remainder when 28156 is divided by 8933?
1357
What is the remainder when 200976 is divided by 74?
66
What is the remainder when 5734 is divided by 192?
166
Calculate the remainder when 119166 is divided by 3.
0
Calculate the remainder when 32800 is divided by 6543.
85
What is the remainder when 14852 is divided by 7423?
6
What is the remainder when 923 is divided by 430?
63
What is the remainder when 2793 is divided by 414?
309
Calculate the remainder when 165485 is divided by 67.
62
Calculate the remainder when 1052639 is divided by 544.
543
What is the remainder when 36663 is divided by 42?
39
Calculate the remainder when 14793 is divided by 26.
25
What is the remainder when 4934 is divided by 167?
91
Calculate the remainder when 7083021 is divided by 156.
153
What is the remainder when 43985 is divided by 72?
65
Calculate the remainder when 1264096 is divided by 137.
134
Calculate the remainder when 15464 is divided by 1771.
1296
Calculate the remainder when 1930055 is divided by 17.
11
Calculate the remainder when 4414 is divided by 337.
33
Calculate the remainder when 6310 is divided by 263.
261
Calculate the remainder when 33403 is divided by 16701.
1
What is the remainder when 582634 is divided by 16?
10
What is the remainder when 38145 is divided by 199?
136
What is the remainder when 11750 is divided by 420?
410
Calculate the remainder when 53295 is divided by 105.
60
What is the remainder when 1688588 is divided by 1289?
1287
What is the remainder when 270501 is divided by 117?
114
What is the remainder when 18487 is divided by 134?
129
What is the remainder when 13560 is divided by 1196?
404
Calculate the remainder when 22537 is divided by 6.
1
What is the remainder when 5871 is divided by 1172?
11
What is the remainder when 223718 is divided by 17?
15
What is the remainder when 22935 is divided by 337?
19
Calculate the remainder when 8486 is divided by 86.
58
Calculate the remainder when 836 is divided by 379.
78
Calculate the remainder when 11551 is divided by 144.
31
Calculate the remainder when 843892 is divided by 542.
540
What is the remainder when 71622 is divided by 35800?
22
What is the remainder when 9168 is divided by 113?
15
What is the rem